 417. What is d(-37)?
693
Let b(t) = -t**3 + 11*t**2 + 38*t + 63. Determine b(14).
7
Let j(o) = 2095*o + 14731. Give j(-7).
66
Let x(y) = -y**3 - 73*y**2 + 1219*y - 16. Give x(14).
-2
Let b(m) = -87*m - 703. Give b(-8).
-7
Let i(p) = -3*p**2 - 30*p + 73. What is i(-11)?
40
Let d(p) = -5*p**3 - 2*p**2 - p - 15. Determine d(0).
-15
Let i(n) = -146*n + 564. Determine i(4).
-20
Let t(g) = 8*g**3 + 200*g**2 - 202*g + 2. Calculate t(1).
8
Let r(j) = 15*j + 153. Give r(-23).
-192
Let f(a) = -65*a**2 - 1558*a + 14. Determine f(-24).
-34
Let c(n) = 140*n - 724. Give c(5).
-24
Let c(f) = 56*f**2 + 1016*f + 153. Determine c(-18).
9
Let v(w) = 19*w**2 + 13. Give v(-3).
184
Let s(t) = -t**3 + 97*t**2 - 94*t - 152. What is s(96)?
40
Let l(i) = -50*i**2 - 5*i - 20. Determine l(-4).
-800
Let a(g) = -g**3 + 40*g**2 - 255*g + 36. Calculate a(32).
68
Let z(f) = f**3 + 176*f**2 - 744*f - 4325. Give z(-180).
-5
Let l(t) = t**3 + 5*t**2 - 212*t - 62. Calculate l(-17).
74
Let d(i) = i**3 - 33*i**2 + 4*i - 4. What is d(0)?
-4
Let c(z) = -3*z**3 + 3*z**2 + z - 9. What is c(2)?
-19
Let b(q) = -2*q**2 + 9*q + 24. Determine b(7).
-11
Let r(w) = w**3 - 28*w**2 - 91*w + 12. Determine r(31).
74
Let l(b) = -448*b - 2944. Determine l(-6).
-256
Let w(u) = 1554*u - 12443. What is w(8)?
-11
Let g(y) = -2*y**2 - 120*y - 38. Determine g(-60).
-38
Let a(z) = 3*z**3 - 20*z - 17. What is a(-3)?
-38
Let v(z) = 31*z**3 - 4*z**2 + 4*z + 12. What is v(-2)?
-260
Let h(u) = -u**3 - 174*u**2 - 5716*u + 526. Calculate h(-130).
6
Let k(l) = 4*l**3 + 3*l**2 + 8*l - 10. Calculate k(1).
5
Let k(p) = 10*p**2 - 50*p + 6. Give k(4).
-34
Let s(k) = -72*k**2 - 791*k + 29. Determine s(-11).
18
Let r(d) = 52*d + 83. Give r(-2).
-21
Let q(b) = 9*b**2 - 46*b - 2. Give q(5).
-7
Let h(p) = -p**3 + 9*p**2 - 10*p + 98. Give h(9).
8
Let k(j) = j**2 + 59*j + 921. Determine k(-23).
93
Let f(g) = 5*g**3 - 2*g**2 + 58*g - 120. What is f(2)?
28
Let m(y) = -344*y + 1021. What is m(3)?
-11
Let t(q) = 11*q**2 - 16*q - 32. What is t(-2)?
44
Let r(d) = -1241*d - 23582. Give r(-19).
-3
Let x(q) = q**3 - 15*q**2 + 40*q - 273. Calculate x(14).
91
Let s(o) = o**3 + 15*o**2 - 21*o - 108. Give s(-15).
207
Let x(h) = h**3 - 24*h**2 - 105*h - 204. Calculate x(28).
-8
Let d(m) = 89*m + 5696. Give d(-64).
0
Let m(t) = -t**2 + 103*t + 91. Calculate m(104).
-13
Let u(v) = -v**3 - 4*v**2 - 31*v - 78. Calculate u(-3).
6
Let i(u) = 2*u**3 + 207*u**2 + 106*u + 323. Give i(-103).
14
Let o(c) = 76*c**3 - c**2 + 16*c + 38. Calculate o(-2).
-606
Let w(p) = 4*p**2 - 681*p + 7140. Calculate w(159).
-15
Let d(h) = -h**2 - 64*h - 363. Determine d(-58).
-15
Let b(a) = -29*a - 74. Determine b(-6).
100
Let b(f) = -f**3 - 17*f**2 + 292*f + 4965. Determine b(-17).
1
Let g(l) = 23*l + 292. Determine g(39).
1189
Let u(q) = q**2 + 91*q - 4571. Calculate u(36).
1
Let d(r) = -r**3 - 5*r**2 + r - 38. Give d(-6).
-8
Let y(x) = -3*x**3 + 2*x**2 + 2*x + 6. Determine y(-3).
99
Let m(o) = -o**3 - 41*o**2 + 32*o + 33. Give m(-42).
453
Let v(h) = 18*h + 37. What is v(-4)?
-35
Let r(c) = 1028*c - 5219. Give r(5).
-79
Let j(t) = -41*t - 1362. What is j(-34)?
32
Let b(i) = 3*i**2 - 139*i - 424. What is b(-3)?
20
Let d(k) = -k**3 - 40*k**2 - 43*k - 157. Calculate d(-39).
-1
Let m(z) = -2*z**3 + z**2 - 228*z - 29. Give m(0).
-29
Let a(r) = -r**2 + r - 24. Determine a(11).
-134
Let y(f) = f**3 + 35*f**2 + 79*f - 18. Determine y(-33).
-447
Let k(n) = -25*n - 387. Give k(-23).
188
Let c(z) = -10*z + 333. Give c(28).
53
Let f(r) = 110*r - 28828. Give f(262).
-8
Let s(h) = 2*h**2 - 91*h + 518. Give s(32).
-346
Let u(f) = 35*f - 98. Calculate u(2).
-28
Let o(f) = -27*f - 1353. What is o(-52)?
51
Let v(f) = 5561*f + 100096. Calculate v(-18).
-2
Let m(k) = -48*k. Determine m(2).
-96
Let q(t) = -11*t + 167. Determine q(8).
79
Let k(n) = n**3 + 10*n**2 - 66*n - 140. What is k(-14)?
0
Let s(x) = 83*x - 222. Calculate s(4).
110
Let l(c) = -2*c**3 - 5*c**2 + 89*c + 250. Determine l(-3).
-8
Let b(i) = -i**3 - 68*i**2 - 4*i - 260. Calculate b(-68).
12
Let z(f) = -82*f + 154. Determine z(2).
-10
Let d(j) = -j**3 + 4*j**2 + 92*j + 52. Determine d(12).
4
Let c(t) = 14*t**3 + 107*t**2 - 16*t - 1. What is c(-7)?
552
Let i(v) = 2*v + 99. Determine i(-25).
49
Let y(j) = -9*j**3 - 13*j**2 - 40*j - 3. Give y(-3).
243
Let s(o) = o**3 + 21*o**2 + 27*o + 44. Calculate s(-20).
-96
Let d(g) = -30*g - 5623. Determine d(-185).
-73
Let c(x) = -x**3 + 11*x**2 + 18*x - 247. Calculate c(5).
-7
Let i(s) = -s**3 + 12*s**2 + 40*s - 176. Determine i(14).
-8
Let t(n) = -295*n - 27735. Give t(-94).
-5
Let q(r) = 172*r**2 - 10*r - 29. Give q(-2).
679
Let h(q) = -5*q - 110. What is h(6)?
-140
Let t(n) = 3*n**2 + 67*n + 179. Calculate t(-3).
5
Let g(f) = -3*f**3 - 6*f**2 + 6*f - 2. What is g(3)?
-119
Let t(p) = -125*p**2 - 123*p - 251. Determine t(-2).
-505
Let m(p) = -7*p + 134. Calculate m(-5).
169
Let h(b) = -2*b**3 - 2*b**2 - 8*b - 4. Determine h(-2).
20
Let z(l) = -5*l**2 - 81*l + 8. What is z(-14)?
162
Let y(g) = g**3 + g**2 - 62*g + 61. Give y(1).
1
Let r(x) = x**3 + 52*x**2 + 149*x + 107. Determine r(-49).
9
Let l(d) = -28*d**2 + 1092*d - 6. Give l(39).
-6
Let j(z) = 8*z**2 - 806*z + 604. Give j(100).
4
Let g(v) = v**3 - 28*v**2 + 31*v - 109. Determine g(27).
-1
Let z(h) = -h**3 - 52*h**2 + 23*h + 3748. Determine z(-51).
-26
Let i(z) = z**3 + 6*z**2 + 250*z + 1501. What is i(-6)?
1
Let k(w) = -w**3 + 8*w**2 - 90*w + 795. Determine k(9).
-96
Let f(h) = 32*h + 1655. Calculate f(-52).
-9
Let y(r) = -11*r**3 - 45*r**2 + 24. Determine y(-4).
8
Let d(t) = -2*t**2 + 14*t - 3. What is d(7)?
-3
Let q(i) = i**3 + 26*i**2 - 17*i + 265. What is q(-27)?
-5
Let u(r) = -r**3 - 82*r**2 + 275*r + 1702. Calculate u(-85).
2
Let s(l) = -6*l**3 + 9*l**2 - 48*l - 1. Give s(4).
-433
Let m(a) = a**3 + a**2 + 34*a - 316. Determine m(0).
-316
Let m(n) = -n**3 - 21*n**2 - 30*n - 207. Give m(-20).
-7
Let h(x) = -x**3 + 18*x**2 + 16*x + 65. Give h(19).
8
Let s(t) = -24*t - 493. Determine s(-20).
-13
Let h(l) = 5*l**2 + 98*l + 616. Determine h(-6).
208
Let v(p) = -44*p - 1378. Determine v(-31).
-14
Let h(f) = -3078*f - 15385. What is h(-5)?
5
Let p(x) = 50*x + 111. Calculate p(-4).
-89
Let g(j) = -37*j + 77. What is g(7)?
-182
Let c(h) = -28*h**2 + 15*h + 13. Give c(4).
-375
Let t(b) = 16*b**2 - 500*b - 29. Determine t(33).
895
Let f(n) = n**3 + 25*n**2 + 22*n + 65. Give f(-24).
113
Let l(d) = -80*d + 50. Determine l(1).
-30
Let o(v) = -v**2 + 21*v + 946. Give o(43).
0
Let x(k) = -k**2 + 80*k - 9. Calculate x(0).
-9
Let d(g) = 742*g. Determine d(0).
0
Let c(i) = 2*i**2 - 856*i + 2538. What is c(3)?
-12
Let q(y) = y**3 - 76*y**2 - 79*y + 153. What is q(77)?
-1
Let b(m) = 6*m**2 - 542*m + 67. Give b(90).
-113
Let d(y) = -163*y**2 + 19*y + 33. Determine d(-2).
-657
Let v(g) = 4*g**2 - 43*g + 63. Calculate v(9).
0
Let n(o) = -9*o**2 - 43*o + 23. What is n(-6)?
-43
Let f(n) = 2*n**3 - 13*n**2 + 89*n - 393. Determine f(5).
-23
Let t(r) = -r**2 + 214*r - 9993. What is t(68)?
-65
Let o(z) = 638*z - 13398. Calculate o(21).
0
Let j(d) = -57*d**2 - 1137*d + 63. Give j(-20).
3
Let g(v) = -752*v + 10. Determine g(-1).
762
Let n(j) = -j**2 - 13*j + 61. Calculate n(-21).
-107
Let x(i) = -2*i**3 - 60*i**2 + 68*i + 182. Determine x(-31).
-4
Let b(m) = 112*m - 1213. Determine b(11).
19
Let s(h) = 2*h**3 + 9*h**2 - 42*h + 7. Give s(-7).
56
Let p(u) = u**2 + 15. What is p(6)?
51
Let o(i) = -3*i**3 - 9*i**2 - 5*i + 9. Determine o(-4).
77
Let v(m) = -22*m + 279. Calculate v(12).
15
Let b(o) = o**3 + 18*o**2 + 57*o + 10. Calculate b(-6).
100
Let j(x) = x**2 + 4*x - 46. Calculate j(-9).
-1
Let m(z) = -2*z**3 - 34*z**2 - 157*z - 82. What is m(-9)?
35
Let y(a) = 20*a**3 - 109*a**2 - 45*a + 12. Give y(6).
138
Let n(u) = 15*u**2 + 605*u + 42. Give n(-40).
-158
Let f(g) = 3*g**2 - 94*g - 67. Give f(32).
-3
Let a(w) = 25*w**3 + 5*w**2 + 8*w - 12. Give a(3).
732
Let v(w) = 6*w - 77. Determine v(13).
1
Let i(h) = 297*h - 2045. Give i(7).
34
Let u(d) = 4*d**2 + 252*d - 482. Give u(-63).
-482
Let c(m) = 3*m**2 + 360*m + 9210. What is c(-37)?
-3
Let j(x) = -24*x**2 - 4*x + 3. Calculate j(1).
-25
Let f(p) = -19*p**2 - 38*p - 2. What is f(-2)?
-2
Let b(z) = 2*z**3 + 37*z**2 - 20*z + 75. Determine b(-19).
94
Let i(w) = -w**2 - 41*w - 202. Give i(-5).
-22
Let v(q